at is the greatest common divisor of 1450861579 and 226?
113
What is the highest common factor of 153 and 2073065?
17
What is the highest common divisor of 39 and 37501789?
13
What is the greatest common divisor of 99722417 and 4269?
1423
What is the highest common divisor of 42 and 90085443?
21
What is the greatest common divisor of 72 and 39617388?
36
What is the highest common factor of 715610 and 4410?
70
What is the greatest common factor of 7959211 and 104?
13
What is the highest common factor of 11929372 and 11830?
2366
Calculate the highest common factor of 101091 and 744.
93
What is the greatest common divisor of 60 and 616978308?
12
What is the greatest common divisor of 420 and 1479016?
28
What is the greatest common divisor of 20580 and 5154240?
420
What is the greatest common divisor of 3516 and 415164?
12
Calculate the greatest common divisor of 40073297 and 1364.
341
Calculate the highest common divisor of 35340484 and 986.
34
Calculate the highest common divisor of 174 and 77860592.
58
Calculate the highest common divisor of 83581310 and 230.
230
Calculate the highest common factor of 49120 and 4370.
10
What is the greatest common factor of 240 and 5951904?
48
Calculate the highest common divisor of 84 and 6312026.
14
What is the greatest common divisor of 34 and 320693066?
34
Calculate the highest common divisor of 5704 and 12748256.
184
Calculate the highest common divisor of 167534239 and 883.
883
What is the highest common divisor of 648 and 631741464?
216
What is the highest common factor of 499248400 and 4880?
4880
Calculate the greatest common factor of 25608424 and 1576.
1576
What is the highest common divisor of 5262467 and 434?
217
What is the greatest common factor of 117 and 44840682?
9
What is the greatest common factor of 44 and 16015978?
22
Calculate the highest common divisor of 1372488 and 400.
8
What is the greatest common factor of 622754 and 22682?
22
Calculate the greatest common factor of 18180 and 183792528.
3636
What is the greatest common divisor of 471775 and 7466475?
2825
What is the highest common divisor of 24852 and 1805694?
654
Calculate the highest common divisor of 25353 and 3110907.
939
Calculate the greatest common factor of 170117 and 184339.
547
What is the highest common factor of 181307771 and 289?
17
Calculate the greatest common divisor of 1201324 and 32.
4
What is the highest common divisor of 510 and 1757868?
102
Calculate the highest common divisor of 34702075 and 11893.
1699
Calculate the greatest common divisor of 141 and 26621458.
47
What is the greatest common factor of 1455405 and 189987?
1743
Calculate the highest common divisor of 71951 and 12155077.
2321
What is the greatest common divisor of 3600764 and 376?
188
What is the greatest common divisor of 1239431 and 132878?
2291
What is the highest common factor of 132921 and 89181?
243
What is the highest common divisor of 1729 and 28496181?
133
Calculate the highest common factor of 9488831 and 4268.
1067
Calculate the greatest common divisor of 772118 and 2384.
298
What is the greatest common factor of 19484304 and 2800?
112
Calculate the highest common factor of 40 and 36306008.
8
Calculate the highest common factor of 252619 and 8438913.
899
Calculate the greatest common divisor of 1717750 and 500.
250
Calculate the highest common divisor of 156 and 81784209.
39
What is the greatest common divisor of 800836 and 6868?
68
Calculate the greatest common divisor of 5943353 and 1989.
221
What is the greatest common factor of 102 and 256071?
51
What is the greatest common divisor of 628170 and 1930?
10
What is the greatest common factor of 17209 and 4610411563?
17209
Calculate the greatest common factor of 72387 and 234801.
63
Calculate the highest common factor of 10277 and 38098.
43
What is the greatest common factor of 4 and 23631826?
2
What is the greatest common factor of 605 and 374485441?
121
What is the highest common divisor of 7945 and 8657780?
1135
Calculate the greatest common factor of 18277903 and 798989.
8237
What is the highest common factor of 1175373 and 8541?
657
Calculate the greatest common factor of 3 and 18032691.
3
What is the greatest common factor of 196 and 68908?
28
What is the highest common factor of 147393 and 4225107?
159
Calculate the greatest common divisor of 10259571 and 678405.
10437
What is the highest common divisor of 16923 and 4737?
3
What is the highest common divisor of 273367181 and 761?
761
What is the greatest common factor of 14764269 and 1?
1
What is the greatest common factor of 25692 and 16620?
12
What is the highest common factor of 397153477 and 20188?
5047
Calculate the greatest common divisor of 27401596 and 452.
452
Calculate the highest common divisor of 1013166 and 468571.
731
What is the highest common divisor of 11626809 and 147?
3
What is the highest common factor of 27 and 24606891?
9
Calculate the highest common divisor of 18725258 and 40492.
382
Calculate the greatest common factor of 4782672 and 2808.
216
What is the highest common factor of 3888173 and 565018?
1633
What is the highest common divisor of 2149 and 9994385?
307
What is the highest common divisor of 38602337 and 1094?
547
Calculate the highest common divisor of 355278 and 222.
6
What is the highest common factor of 21540466 and 667?
23
What is the greatest common divisor of 1962220 and 390?
130
Calculate the highest common divisor of 1710534 and 567.
21
Calculate the greatest common divisor of 448 and 510566.
14
Calculate the highest common divisor of 1530 and 56264985.
765
What is the greatest common divisor of 19135930 and 11275?
2255
What is the greatest common divisor of 2404251 and 2547?
9
Calculate the highest common divisor of 1391783 and 8357.
137
What is the highest common factor of 186497 and 11320?
283
Calculate the highest common divisor of 38448 and 4320.
432
What is the greatest common factor of 3108 and 386655402?
1554
What is the highest common factor of 1362119 and 1881?
11
What is the highest common divisor of 5922 and 711018?
126
Calculate the greatest common divisor of 249832159 and 76.
19
Calculate the highest common divisor of 109240 and 186530.
10
What is the greatest common divisor of 330 and 12112089?
33
What is the greatest common divisor of 3225545 and 313535?
4295
Calculate the greatest common divisor of 231 and 1698213.
33
What is the greatest common factor of 302625 and 4075?
25
Calculate the highest common divisor of 3765496 and 304.
152
What is the highest common divisor of 203 and 20141527?
7
What is the greatest common divisor of 84 and 78742188?
84
Calculate the highest common factor of 1590 and 672729.
159
Calculate the highest common factor of 150669 and 2826.
9
What is the highest common divisor of 14583416 and 119?
17
What is the highest common factor of 10540 and 163766304?
2108
Calculate the highest common factor of 145 and 920015.
5
Calculate the highest common divisor of 59902461 and 4383.
4383
What is the greatest common factor of 472750 and 1488?
62
Calculate the greatest common divisor of 230 and 2067610.
10
What is the highest common divisor of 522 and 7000774?
58
Calculate the greatest common divisor of 160 and 11498752.
32
What is the highest common factor of 12932 and 58859998?
6466
Calculate the highest common divisor of 6872 and 15108092.
3436
Calculate the greatest common divisor of 14433695 and 2370.
395
What is the greatest common divisor of 4543 and 3268482?
413
What is the highest common factor of 20925000 and 648?
216
Calculate the highest common divisor of 351 and 2931741.
27
What is the highest common divisor of 455 and 1754278890?
455
What is the highest common factor of 41474160 and 69930?
1890
What is the highest common factor of 1258 and 120391858?
1258
Calculate the greatest common divisor of 348904150 and 1075.
1075
Calculate the greatest common divisor of 1822304 and 3100.
124
Calculate the highest common divisor of 5508803 and 399.
19
Calculate the greatest common factor of 9114 and 1241798.
62
Calculate the highest common factor of 2011875 and 76035.
555
What is the greatest common divisor of 1828 and 870778768?
1828
What is the greatest common divisor of 18 and 1188419355?
9
Calculate the greatest common divisor of 33110493 and 533.